{"id":246,"date":"2023-10-25T20:04:44","date_gmt":"2023-10-25T18:04:44","guid":{"rendered":"https:\/\/www.skparbat.eu\/wordpress\/?page_id=246"},"modified":"2024-01-21T09:55:54","modified_gmt":"2024-01-21T08:55:54","slug":"kontakt","status":"publish","type":"page","link":"https:\/\/www.skparbat.eu\/wordpress\/index.php\/kontakt\/","title":{"rendered":"Kontakt"},"content":{"rendered":"\n<figure class=\"wp-block-image size-full\"><a href=\"https:\/\/www.websupport.sk\/\" target=\"_blank\" rel=\"noreferrer noopener\"><img decoding=\"async\" loading=\"lazy\" width=\"320\" height=\"100\" src=\"https:\/\/www.skparbat.eu\/wordpress\/wp-content\/uploads\/2023\/12\/freeweb-sk-3-5.png\" alt=\"\" class=\"wp-image-488\" srcset=\"https:\/\/www.skparbat.eu\/wordpress\/wp-content\/uploads\/2023\/12\/freeweb-sk-3-5.png 320w, https:\/\/www.skparbat.eu\/wordpress\/wp-content\/uploads\/2023\/12\/freeweb-sk-3-5-300x94.png 300w\" sizes=\"(max-width: 320px) 100vw, 320px\" \/><\/a><\/figure>\n\n\n\n<figure class=\"wp-block-image size-large is-resized\"><a href=\"https:\/\/parbateu.darujme.sk\/podpor-nase-aktivity-aed10\/\" target=\"_blank\" rel=\"noreferrer noopener\"><img decoding=\"async\" loading=\"lazy\" width=\"1024\" height=\"529\" src=\"https:\/\/www.skparbat.eu\/wordpress\/wp-content\/uploads\/2023\/12\/TlacitDarujme-4-1024x529.jpg\" alt=\"\" class=\"wp-image-523\" style=\"aspect-ratio:1.9357277882797732;width:319px;height:auto\" srcset=\"https:\/\/www.skparbat.eu\/wordpress\/wp-content\/uploads\/2023\/12\/TlacitDarujme-4-1024x529.jpg 1024w, https:\/\/www.skparbat.eu\/wordpress\/wp-content\/uploads\/2023\/12\/TlacitDarujme-4-300x155.jpg 300w, https:\/\/www.skparbat.eu\/wordpress\/wp-content\/uploads\/2023\/12\/TlacitDarujme-4-768x397.jpg 768w, https:\/\/www.skparbat.eu\/wordpress\/wp-content\/uploads\/2023\/12\/TlacitDarujme-4-1536x794.jpg 1536w, https:\/\/www.skparbat.eu\/wordpress\/wp-content\/uploads\/2023\/12\/TlacitDarujme-4-2048x1058.jpg 2048w\" sizes=\"(max-width: 1024px) 100vw, 1024px\" \/><\/a><\/figure>\n\n\n\n<p><strong>\u0160portov\u00fd klub PARBAT<\/strong><\/p>\n\n\n\n<p>pr\u00e1vna forma: ob\u010dianske zdru\u017eenie<\/p>\n\n\n\n<p>Dru\u017estevn\u00e1 66<br>Hrn\u010diarske Zalu\u017eany<br>980 12<br>I\u010cO: 42196205<br>\u010c\u00edslo \u00fa\u010dtu: SK0683300000002600674163<\/p>\n\n\n\n<p>Telef\u00f3n: +421907651668<\/p>\n\n\n\n<p>Mail: parbat.sportovyklub(zavinac)gmail.com<\/p>\n","protected":false},"excerpt":{"rendered":"<p>\u0160portov\u00fd klub PARBAT pr\u00e1vna forma: ob\u010dianske zdru\u017eenie Dru\u017estevn\u00e1 66Hrn\u010diarske Zalu\u017eany980 12I\u010cO: 42196205\u010c\u00edslo \u00fa\u010dtu: SK0683300000002600674163 Telef\u00f3n: +421907651668 Mail: parbat.sportovyklub(zavinac)gmail.com<\/p>\n","protected":false},"author":1,"featured_media":0,"parent":0,"menu_order":0,"comment_status":"closed","ping_status":"closed","template":"","meta":{"_mi_skip_tracking":false,"footnotes":""},"yoast_head":"<!-- This site is optimized with the Yoast SEO plugin v19.7.1 - https:\/\/yoast.com\/wordpress\/plugins\/seo\/ -->\n<title>Kontakt - \u0160K Parbat<\/title>\n<meta name=\"robots\" content=\"index, follow, max-snippet:-1, max-image-preview:large, max-video-preview:-1\" \/>\n<link rel=\"canonical\" href=\"https:\/\/www.skparbat.eu\/wordpress\/index.php\/kontakt\/\" \/>\n<meta property=\"og:locale\" content=\"sk_SK\" \/>\n<meta property=\"og:type\" content=\"article\" \/>\n<meta property=\"og:title\" content=\"Kontakt - \u0160K Parbat\" \/>\n<meta property=\"og:description\" content=\"\u0160portov\u00fd klub PARBAT pr\u00e1vna forma: ob\u010dianske zdru\u017eenie Dru\u017estevn\u00e1 66Hrn\u010diarske Zalu\u017eany980 12I\u010cO: 42196205\u010c\u00edslo \u00fa\u010dtu: SK0683300000002600674163 Telef\u00f3n: +421907651668 Mail: parbat.sportovyklub(zavinac)gmail.com\" \/>\n<meta property=\"og:url\" content=\"https:\/\/www.skparbat.eu\/wordpress\/index.php\/kontakt\/\" \/>\n<meta property=\"og:site_name\" content=\"\u0160K Parbat\" \/>\n<meta property=\"article:modified_time\" content=\"2024-01-21T08:55:54+00:00\" \/>\n<meta property=\"og:image\" content=\"https:\/\/www.skparbat.eu\/wordpress\/wp-content\/uploads\/2023\/12\/freeweb-sk-3-5.png\" \/>\n<meta name=\"twitter:card\" content=\"summary_large_image\" \/>\n<script type=\"application\/ld+json\" class=\"yoast-schema-graph\">{\"@context\":\"https:\/\/schema.org\",\"@graph\":[{\"@type\":\"WebPage\",\"@id\":\"https:\/\/www.skparbat.eu\/wordpress\/index.php\/kontakt\/\",\"url\":\"https:\/\/www.skparbat.eu\/wordpress\/index.php\/kontakt\/\",\"name\":\"Kontakt - \u0160K Parbat\",\"isPartOf\":{\"@id\":\"https:\/\/www.skparbat.eu\/wordpress\/#website\"},\"datePublished\":\"2023-10-25T18:04:44+00:00\",\"dateModified\":\"2024-01-21T08:55:54+00:00\",\"breadcrumb\":{\"@id\":\"https:\/\/www.skparbat.eu\/wordpress\/index.php\/kontakt\/#breadcrumb\"},\"inLanguage\":\"sk-SK\",\"potentialAction\":[{\"@type\":\"ReadAction\",\"target\":[\"https:\/\/www.skparbat.eu\/wordpress\/index.php\/kontakt\/\"]}]},{\"@type\":\"BreadcrumbList\",\"@id\":\"https:\/\/www.skparbat.eu\/wordpress\/index.php\/kontakt\/#breadcrumb\",\"itemListElement\":[{\"@type\":\"ListItem\",\"position\":1,\"name\":\"Home\",\"item\":\"https:\/\/www.skparbat.eu\/wordpress\/\"},{\"@type\":\"ListItem\",\"position\":2,\"name\":\"Kontakt\"}]},{\"@type\":\"WebSite\",\"@id\":\"https:\/\/www.skparbat.eu\/wordpress\/#website\",\"url\":\"https:\/\/www.skparbat.eu\/wordpress\/\",\"name\":\"\u0160K Parbat\",\"description\":\"Pre pohodu v pr\u00edrode\",\"potentialAction\":[{\"@type\":\"SearchAction\",\"target\":{\"@type\":\"EntryPoint\",\"urlTemplate\":\"https:\/\/www.skparbat.eu\/wordpress\/?s={search_term_string}\"},\"query-input\":\"required name=search_term_string\"}],\"inLanguage\":\"sk-SK\"}]}<\/script>\n<!-- \/ Yoast SEO plugin. -->","yoast_head_json":{"title":"Kontakt - \u0160K Parbat","robots":{"index":"index","follow":"follow","max-snippet":"max-snippet:-1","max-image-preview":"max-image-preview:large","max-video-preview":"max-video-preview:-1"},"canonical":"https:\/\/www.skparbat.eu\/wordpress\/index.php\/kontakt\/","og_locale":"sk_SK","og_type":"article","og_title":"Kontakt - \u0160K Parbat","og_description":"\u0160portov\u00fd klub PARBAT pr\u00e1vna forma: ob\u010dianske zdru\u017eenie Dru\u017estevn\u00e1 66Hrn\u010diarske Zalu\u017eany980 12I\u010cO: 42196205\u010c\u00edslo \u00fa\u010dtu: SK0683300000002600674163 Telef\u00f3n: +421907651668 Mail: parbat.sportovyklub(zavinac)gmail.com","og_url":"https:\/\/www.skparbat.eu\/wordpress\/index.php\/kontakt\/","og_site_name":"\u0160K Parbat","article_modified_time":"2024-01-21T08:55:54+00:00","og_image":[{"url":"https:\/\/www.skparbat.eu\/wordpress\/wp-content\/uploads\/2023\/12\/freeweb-sk-3-5.png"}],"twitter_card":"summary_large_image","schema":{"@context":"https:\/\/schema.org","@graph":[{"@type":"WebPage","@id":"https:\/\/www.skparbat.eu\/wordpress\/index.php\/kontakt\/","url":"https:\/\/www.skparbat.eu\/wordpress\/index.php\/kontakt\/","name":"Kontakt - \u0160K Parbat","isPartOf":{"@id":"https:\/\/www.skparbat.eu\/wordpress\/#website"},"datePublished":"2023-10-25T18:04:44+00:00","dateModified":"2024-01-21T08:55:54+00:00","breadcrumb":{"@id":"https:\/\/www.skparbat.eu\/wordpress\/index.php\/kontakt\/#breadcrumb"},"inLanguage":"sk-SK","potentialAction":[{"@type":"ReadAction","target":["https:\/\/www.skparbat.eu\/wordpress\/index.php\/kontakt\/"]}]},{"@type":"BreadcrumbList","@id":"https:\/\/www.skparbat.eu\/wordpress\/index.php\/kontakt\/#breadcrumb","itemListElement":[{"@type":"ListItem","position":1,"name":"Home","item":"https:\/\/www.skparbat.eu\/wordpress\/"},{"@type":"ListItem","position":2,"name":"Kontakt"}]},{"@type":"WebSite","@id":"https:\/\/www.skparbat.eu\/wordpress\/#website","url":"https:\/\/www.skparbat.eu\/wordpress\/","name":"\u0160K Parbat","description":"Pre pohodu v pr\u00edrode","potentialAction":[{"@type":"SearchAction","target":{"@type":"EntryPoint","urlTemplate":"https:\/\/www.skparbat.eu\/wordpress\/?s={search_term_string}"},"query-input":"required name=search_term_string"}],"inLanguage":"sk-SK"}]}},"_links":{"self":[{"href":"https:\/\/www.skparbat.eu\/wordpress\/index.php\/wp-json\/wp\/v2\/pages\/246"}],"collection":[{"href":"https:\/\/www.skparbat.eu\/wordpress\/index.php\/wp-json\/wp\/v2\/pages"}],"about":[{"href":"https:\/\/www.skparbat.eu\/wordpress\/index.php\/wp-json\/wp\/v2\/types\/page"}],"author":[{"embeddable":true,"href":"https:\/\/www.skparbat.eu\/wordpress\/index.php\/wp-json\/wp\/v2\/users\/1"}],"replies":[{"embeddable":true,"href":"https:\/\/www.skparbat.eu\/wordpress\/index.php\/wp-json\/wp\/v2\/comments?post=246"}],"version-history":[{"count":6,"href":"https:\/\/www.skparbat.eu\/wordpress\/index.php\/wp-json\/wp\/v2\/pages\/246\/revisions"}],"predecessor-version":[{"id":563,"href":"https:\/\/www.skparbat.eu\/wordpress\/index.php\/wp-json\/wp\/v2\/pages\/246\/revisions\/563"}],"wp:attachment":[{"href":"https:\/\/www.skparbat.eu\/wordpress\/index.php\/wp-json\/wp\/v2\/media?parent=246"}],"curies":[{"name":"wp","href":"https:\/\/api.w.org\/{rel}","templated":true}]}}